be i(7). What is the greatest common divisor of x and 380?
95
Let l(d) = -61*d - 10. Let b = 31 - 35. Let i be l(b). Calculate the greatest common divisor of 26 and i.
26
Let n = 23 + -15. What is the highest common divisor of 64 and n?
8
Suppose -2*z + 20 = 2*z. Let s be (-3)/(-2)*(42 - 8). Let t = s + -26. What is the highest common factor of z and t?
5
Let u(z) = -3*z + 7. Let c be u(6). Let x be c*1*3/(-3). Suppose 340 + 782 = 39*l - 5*l. What is the highest common factor of l and x?
11
Suppose 11*v = 6692 + 3142. What is the greatest common divisor of v and 6?
6
Let g(k) be the third derivative of k**5/60 + 5*k**4/24 - 4*k**3/3 + 18*k**2. Let i be g(-8). Calculate the highest common divisor of 4 and i.
4
Suppose 5*y + 2*m + 693 = 0, -m + 305 = -3*y - 113. Let w = -77 - y. What is the greatest common factor of w and 93?
31
Suppose 0 = m + 5*s - 97, -2*s + 3*s = 2*m - 172. What is the greatest common factor of m and 29?
29
Let w = -5 - -6. Suppose -5*h = 5*a - 25, 5*a = -h + 2*h + w. Suppose -h = -3*s - s. Calculate the highest common factor of s and 6.
1
Let d(j) = -j**3 + 25*j**2 - 80*j + 6. Let h be d(21). What is the greatest common divisor of h and 210?
30
Suppose 103*a - 264 = 99*a. Let h = 35 + 9. Calculate the highest common divisor of h and a.
22
Suppose -37*y - 2033 + 10839 = 0. Calculate the highest common factor of y and 34.
34
Suppose 5*u = x - 46, -5*u + 178 = -5*x + 8*x. What is the greatest common factor of x and 24?
8
Suppose -2*g = -28*g + 936. Calculate the highest common divisor of g and 225.
9
Let o be (34 - -6)*(-1 + 3/2). Let t = o - 18. Calculate the highest common divisor of t and 10.
2
Suppose -x - 20 = -5*w, 4*x - 44 + 4 = -4*w. Suppose 0*m = -5*z + 5*m - 135, -3*z - 41 = 5*m. Let u = z - -42. Calculate the highest common divisor of w and u.
5
Suppose 17*w - 560 = -4*u + 21*w, 0 = 5*u + 2*w - 735. What is the highest common divisor of u and 5?
5
Let m = 1375 + -1191. Calculate the greatest common divisor of 8 and m.
8
Let b be (-14)/63 - 128/(-9). Suppose 0 = 73*u - 54*u - 1064. What is the highest common divisor of u and b?
14
Suppose 37*u - 11561 + 2237 = 0. Let n(c) = -c**3 + 5*c**2 + 5*c. Let r be n(4). Calculate the highest common factor of r and u.
36
Let o(z) = z**2 - 5. Let g(m) = 3*m**2 - 11. Let w(f) = 2*g(f) - 5*o(f). Let c be w(3). Calculate the greatest common factor of 3 and c.
3
Suppose 3*j - 8*j + 20 = 0. Suppose 2*r - 5*r - 1 = g, 21 = 5*r - j*g. Let v be (-8)/4*(-5)/2. What is the highest common factor of v and r?
1
Let f(t) = 8*t**2 + 25*t + 21. Let x be f(-4). What is the greatest common factor of x and 14?
7
Let h = -2 + 4. Suppose -2*q = -6, h*q - 42 = -r - 2. Suppose 0*u - 306 = -8*u - u. Calculate the highest common divisor of r and u.
34
Let n = -22 - -22. Let z be (1 - n)*(-15 + 27). Suppose 5*v + 4*o = 668, -z = 5*o - o. What is the greatest common divisor of 34 and v?
34
Let n(p) = p**2 - p - 6. Let w be n(-3). Let s(t) = t**3 - 4*t**2 - 10*t + 8. Let o be s(w). Let k = 5 - 1. What is the highest common factor of k and o?
4
Let y = 10 - 6. Suppose 2*h = y*h - 14. Let b be (-28)/(2/(-1 - 1)). Calculate the greatest common factor of h and b.
7
Let r(s) = s**2 - 2*s + 15. Let g be r(0). Suppose -3*a - 2*a = 0, 5*y - a = g. Let t be (-64)/12*y/(-4). Calculate the greatest common divisor of t and 8.
4
Let v be 3/2*20/6. Suppose 0*w = -v*w + 1350. Let m be (-4 - -1)*(-12 + 2). Calculate the highest common factor of w and m.
30
Let s = 3283 + -3269. Let b = -158 + 228. Calculate the highest common divisor of s and b.
14
Suppose 3*h - 9 = -0*h. Let n(u) = 1 - h + 4*u - 4*u**2 + 6*u**2. Let o be n(-4). Calculate the greatest common divisor of o and 14.
14
Let h(m) = 8*m**3 + 2*m**2 + m - 6. Let i be h(2). Calculate the highest common factor of i and 986.
34
Suppose -11*c - 17 = -14*c + a, 0 = 2*c - 2*a - 18. Calculate the greatest common divisor of c and 2.
2
Let d be (-19 - 2)*3/(-9). Suppose 2*u - 96 - 4 = 0. Suppose -u*t + 46*t + 4 = 0. What is the greatest common factor of d and t?
1
Let x(a) = -2*a - 6. Let b be x(-6). Suppose -c - c + b = 0. Suppose 3*z - 2 + 131 = 5*p, 131 = 5*p - 2*z. Calculate the greatest common factor of c and p.
3
Let b = 472 - 397. Calculate the greatest common factor of b and 600.
75
Suppose -4*z + 651 = 3*z. Suppose -z = -3*c + 327. What is the highest common divisor of c and 14?
14
Suppose -21 - 79 = -4*f + 4*q, 4*f - 2*q - 94 = 0. Let z be (-3 - -1 - -2)/1. Suppose 55 = -z*v + v. What is the highest common divisor of v and f?
11
Let c(i) = -i + 18. Let n be c(0). Suppose 8*g = 10*g - n. Let b = 21 - g. What is the greatest common factor of b and 30?
6
Let d(o) be the third derivative of -o**5/60 + 5*o**4/12 - o**3 - 15*o**2. Let q be d(7). Calculate the highest common divisor of q and 75.
15
Let o(j) = 24*j**3 - 4*j + 3. Let s be o(2). Calculate the greatest common factor of s and 17.
17
Let o be (-1)/((-1)/(-1)*1/(-3)). Suppose 5*m - 51 = -o*v + 4*v, -2*v + 41 = 3*m. Calculate the greatest common factor of 99 and m.
11
Let m = -939 - -1344. Calculate the greatest common divisor of m and 105.
15
Suppose 1596*z + 315 = 1603*z. What is the greatest common divisor of 603 and z?
9
Suppose -3*u = 15, 0 = -2*n + 4*u - 0*u + 26. Let x be 477/45 + 4/10. Suppose -2*d - x = -n*d. What is the highest common divisor of d and 66?
11
Let u(n) = n**3 + 9*n**2 + 3*n - 5. Let g be u(-8). Let o be (24/14)/(10/g). What is the greatest common factor of o and 9?
3
Suppose -80*g = -79*g - 65. Calculate the greatest common divisor of 15 and g.
5
Suppose -m + 86 = -4*t, 4*t + 101 = -4*m + 465. Suppose -5*g + 3*i + 97 = 0, -5*g + 34 = 3*i - 69. What is the greatest common divisor of g and m?
10
Let u(r) = 2*r**2 - 6*r + 8. Let w be u(2). Let o(z) = 7*z**3 + 13*z**2 - 3*z - 6. Let t be o(w). What is the highest common factor of 58 and t?
58
Let j(d) = -4*d**2 - d + 4. Let a be j(2). Let i = -10 - a. Suppose 0*b - 2*f + 2 = b, -4*b = -2*f - 38. What is the highest common divisor of i and b?
4
Let p(v) = v**3 - v**2 + 30. Let d be p(0). Suppose 3*r = 2*r + 2*y + 12, -30 = -4*r + 2*y. Suppose r - d = -n. What is the greatest common factor of 3 and n?
3
Let j(r) = -1 - 4*r + 7 + 3*r + 0. Let q be j(0). Calculate the highest common divisor of q and 9.
3
Suppose 0 = -0*a + 4*a - 544. Suppose -2*s - 110 = -7*s + 5*m, -10 = 2*m. What is the highest common factor of s and a?
17
Suppose -61*d + 5*d = -7840. What is the highest common divisor of d and 448?
28
Suppose -22*g + 131 = -15027. What is the greatest common factor of g and 106?
53
Let t be 3 - ((-2 - 4) + 4). Suppose -3*n + d + 48 = 0, 0 = 4*n - t*d - 68 + 4. Let r be (-9)/(-2)*n/3. Calculate the greatest common divisor of r and 120.
24
Let t(o) = -15*o + 174. Let c be t(11). Calculate the greatest common divisor of c and 36.
9
Let v(o) = -7*o + 2. Let k be v(-4). Suppose -6*a - k = -11*a. Let q be -3 + 3/a*118. What is the greatest common divisor of q and 8?
8
Let k be -7 + 10 - (-6 + 0). Calculate the greatest common divisor of k and 549.
9
Let o = -477 + 479. Calculate the highest common factor of 9 and o.
1
Suppose 8 = -2*l, -4*l = 3*y + 2*y - 124. Suppose 34*x + 255 = q + 31*x, -4*q + 1010 = -2*x. What is the greatest common divisor of q and y?
28
Suppose 3*s - 11 = -35. Let q = 3 + s. Let m(r) = r**3 + 7*r**2 + 5*r - 2. Let p be m(q). What is the greatest common factor of 253 and p?
23
Suppose 5*s - 9575 = -2*h, 3*s - 2315 = -4*h + 3416. Calculate the greatest common factor of s and 27.
27
Let g be (688/215)/((-2)/(-20)). What is the greatest common factor of g and 56?
8
Let b(j) = 15*j**2 - 2*j - 3. Let z be b(-1). Let l be z + (-3 - -4) + -3. What is the highest common factor of 18 and l?
6
Let l(k) = -k**3 + 53*k**2 + 52*k + 118. Let m be l(54). Suppose -3*x = -65 - 25. What is the highest common divisor of m and x?
10
Let c(a) = a**2 + 2*a - 3. Let w be c(-6). Calculate the greatest common factor of w and 9.
3
Suppose -90 = -10*a + a. Calculate the highest common factor of a and 10.
10
Let q = 178 - 137. What is the greatest common factor of 164 and q?
41
Suppose 0 = 3*v - 55 - 35. Suppose u - v = -3*t, 3*u = -0*t + 4*t - 27. Let h be (58 - (-4)/2)*48/40. What is the greatest common factor of h and t?
9
Suppose -5*s = -7*s. 